.
-1
Let j be 2/17 + 4/(-34). Let m(s) = s**2 - s + 5. Calculate m(j).
5
Let l(g) = -16*g**2 + 15*g**2 - 2 + 5*g + 1. Determine l(5).
-1
Let r(f) = -f + 4. Let o(q) = 5*q**2 + 2*q + 1. Let k be o(-1). Determine r(k).
0
Let z(i) be the first derivative of i + 3*i - 4 + 10 - 2*i**2 + 3*i**2. Determine z(-5).
-6
Let m(q) be the second derivative of -q**5/120 - q**4/3 + 5*q**3/6 + 3*q. Let v(w) be the second derivative of m(w). Calculate v(-5).
-3
Let h(l) = 12*l - 33. Let v be h(3). Let k(t) = t**3 - 5*t**2 + 4*t - 3. Calculate k(v).
-9
Let t(m) = 7*m**3 + 7*m**2 + 6*m + 4. Let h(a) = -4*a**3 - 4*a**2 - 3*a - 2. Let v(p) = -11*h(p) - 6*t(p). Give v(-2).
-4
Let f be 8*5*(-6)/(-80). Let g(x) = 2*x**2 - 5*x + 4. Determine g(f).
7
Let d(k) = -k**3 + 6*k**2 - 4*k - 3. Suppose -3*l - 5*n + 40 = 0, 2*n = -0*l + 5*l - 15. Give d(l).
2
Let w(i) = -2*i**3 + 3*i**2 - i + 1. Let g be w(2). Let p(j) = -j**3 - 5*j**2 + 2*j + 3. Determine p(g).
-7
Let k = -14 - -20. Let c(y) = 2*y - 8. Give c(k).
4
Suppose -21 = b - 2*h + 5*h, -3*b - 5*h = 47. Let m = b + 4. Let l(z) = -z - 4. Calculate l(m).
1
Let c(v) = -3*v**3 + 2*v**2 - 6*v - 2. Let q(j) = -2*j**3 + 2*j**2 - 5*j - 2. Let y(a) = -4*c(a) + 5*q(a). Let l(f) = f + 4. Let d be l(-6). What is y(d)?
-8
Let g(q) = -q**3 - 6*q**2 - q - 4. Suppose -w - 5 = t, t = -2*w - 0*w - 5. Let d = -6 + w. Determine g(d).
2
Let w(u) = -3*u - 7. Let j be w(-5). Let r(q) = q**2 - 3 + 0 - q - j + 0*q. Give r(0).
-11
Suppose 1 = v - 0*v. Suppose -5*d = -w - 2*w - v, -3*w + d = 17. Let b(t) = -t**3 - 7*t**2 + t + 5. What is b(w)?
-2
Let p be (-85)/(-25) - 2/5. Let n(k) = -3*k**2 + 0*k**2 + 3*k**3 - 5*k**3 + 2 + p*k**3. What is n(2)?
-2
Let a(i) = -i**3 + i - 2. Let p be 84/(-24)*20/(-7). Suppose -3*s = g + 2*g - 6, s + 3*g = p. What is a(s)?
4
Let m(x) = -2*x - 2*x - x. Suppose -4*n + 5*z = -61, n = z + 2 + 12. Let p = n + -8. Give m(p).
-5
Let j(v) = -5*v**3 - 17*v**2 - 9*v + 3. Let i(d) = -10*d - 2*d**3 + 4*d**2 - 12*d**2 + 2 + 6*d. Let t(c) = -7*i(c) + 3*j(c). Give t(5).
0
Let o(y) = -2*y**3 - 2*y**2 - 1. Let a = 20 + -22. What is o(a)?
7
Let b(y) = 0*y**2 + 2*y**2 - 4*y - 3 - 3*y**2. Let m(r) = r**2 - 10*r - 5. Let h be m(10). Determine b(h).
-8
Let j(m) = -2*m + 12. Let y(f) = f - 6. Let q(p) = 2*j(p) + 5*y(p). Let g be 0*(3 + 14/(-4)). Suppose 5*a + u = -g*u + 22, 0 = 4*u - 8. Give q(a).
-2
Let p(g) = -g**2 - 5*g - 6. Let o(b) = -2*b - 2. Let s be o(-2). Suppose s*k + 6 = 2*h - 4, -2*k - 5*h - 3 = 0. Calculate p(k).
-2
Let j(x) = -x**3 + x. Let t(f) be the second derivative of 0 - 3*f + 2/5*f**5 - 1/2*f**2 - f**3 - 1/12*f**4. Let r(g) = -5*j(g) - t(g). Calculate r(-1).
4
Let w(z) be the first derivative of 3*z**2/2 + z - 9. Determine w(2).
7
Let v(y) be the second derivative of -y**3/6 + 11*y**2/2 + 11*y. What is v(0)?
11
Let g(t) = 4 + 8*t - 3 + 5 - t - 2*t**2. Let x(o) = 3*o**2 - 8*o - 7. Let j(y) = -4*g(y) - 3*x(y). Calculate j(-3).
0
Let n(p) = 5*p - 2. Let k(x) = x**2 + 5. Let u be k(0). Let l(i) = -2*i + 1. Let r(h) = u*l(h) + 3*n(h). Let w be (-2)/3 + (-2)/6. Calculate r(w).
-6
Let y be ((-5)/3*-3)/1. Suppose -y*p - 4 - 21 = 0. Let j(q) = q + 2. Determine j(p).
-3
Let m(y) be the third derivative of y**5/30 - y**4/8 + y**3/6 - 2*y**2. Let z be m(2). Suppose -4 = -z*l - 16, l = i - 1. Let x(o) = -2*o - 2. Calculate x(i).
4
Suppose -z + 6 = z. Let d(s) = -z - 2*s - 5 + s. Let c = -6 - -6. Calculate d(c).
-8
Suppose 4*m - 8 = -0*m. Let k(l) = -l. Let o(j) be the second derivative of -4*j**3/3 + 3*j**2/2 - j. Let p(c) = 3*k(c) - o(c). Determine p(m).
7
Let a(k) = -15*k. Let c(w) = -16*w. Let z(q) = 4*a(q) - 3*c(q). What is z(-1)?
12
Let t(p) = -2*p**2. Let i(a) = -a**2. Let r(z) = -8*i(z) + 3*t(z). What is r(1)?
2
Let p be ((-4)/6)/(3/54). Let x = 18 + p. Let w(c) = 0*c + 3*c - x*c - 2 + 0 + c**3 - c**2. Determine w(3).
7
Let g(f) = -f**2 - 5*f. Suppose 0 = 2*y - 4*q + 14, -2*y - q = -0*y + 9. What is g(y)?
0
Let g = -2 - -3. Let d = 2 + g. Let x(o) = d*o - 22 - o + 21. What is x(4)?
7
Let m(q) = -q**3 + 3*q**2 + 8*q - 5. Let f(l) = -3*l**3 + 9*l**2 + 23*l - 15. Let y(a) = 2*a - 6. Let s be y(7). Let d(c) = s*m(c) - 3*f(c). Calculate d(4).
1
Suppose -3*f + 5*v = -8, f = -f - 2*v + 16. Suppose -5*w = -31 + f. Let u(s) = s - 2. Calculate u(w).
3
Let r be (-1 - (-4)/1) + -2. Let q(s) = -7*s + 20*s - 9*s. What is q(r)?
4
Let a(w) = w**3 - 2*w**2 - 6*w + 3. Let g(i) = 4*i**2 + i - 7. Let d(b) = -4*b**2 - b + 6. Let u(k) = -6*d(k) - 5*g(k). Let s be u(1). Give a(s).
11
Let o(f) = 4*f**3 - 3*f**2 + f - 2. Let j(q) = q**3 - q + 2. Let y be j(1). Give o(y).
20
Let p(k) = k**3 + 2*k**2 - 1. Suppose 0 = -4*a + 13 - 1. Suppose 0 = -w + a*w + 4. Calculate p(w).
-1
Let r = 180 - 169. Let c(o) = -o**3 + 10*o**2 + 11*o + 10. Calculate c(r).
10
Let u(m) be the first derivative of -m**7/840 - m**6/120 - m**4/24 + 2*m**3/3 - 2. Let o(k) be the third derivative of u(k). Calculate o(-3).
-1
Suppose 0 = o - 2, 3*h + 3*o = 6*o - 9. Let j(p) = 11*p**3 + p**2 - p - 1. What is j(h)?
-10
Let v(t) = 2*t + 10. Let w(r) = -3*r - 11. Let x(c) = 4*v(c) + 3*w(c). Suppose -5 = 4*o + 4*k + 7, -5*o - 39 = -3*k. Determine x(o).
13
Let r(o) = 0 + 6 + 3 + 2*o - 6. Determine r(3).
9
Suppose -14 = -k - 25. Let d(w) = w**2 + 9*w - 16. Calculate d(k).
6
Let x(u) = -24*u - 1. Let p(r) = -r. Let w be p(1). Calculate x(w).
23
Let w(s) = -s**3 + s**2 + 8*s + 3. Let i(x) = -x**3 + x**2 + 7*x + 2. Let r(z) = -5*i(z) + 4*w(z). Determine r(3).
11
Let y(b) be the first derivative of b**4/4 - 4*b**3/3 + b**2 - 3*b + 3. Give y(4).
5
Let w(i) = i - 2. Suppose 4*o = -4*h + 28, -4*o + 13 + 7 = -4*h. Determine w(o).
4
Suppose 0*o + 12 = 2*o. Let h = o + -4. Let f(i) = 2*i - 3. What is f(h)?
1
Let s(r) be the third derivative of r**5/120 - r**4/12 - 2*r**3/3 - r**2. Let z(h) be the first derivative of s(h). What is z(-3)?
-5
Suppose 77 = 15*z - 22*z. Let w(t) = -t**2 - 10*t + 2. What is w(z)?
-9
Let y = 8 + -6. Suppose 2*q - y = -3*a, 0*a = -2*a - q + 2. Let o(g) = -6*g + 3. What is o(a)?
-9
Let t(g) = -g**3 + 6*g**2 - 6*g. Let q be t(5). Let a = -10 - -13. Let u(w) = -1 - 6 + 5*w**2 + 2*w**a - w**2 - w**3 - 5*w. Calculate u(q).
-7
Let l(a) = a**2 - 1. Suppose 4*w + 2*x = 4, -4*w + x + 0 + 4 = 0. Suppose 3*d = 5*u - 1 - w, -2*d - 5*u + 7 = 0. Calculate l(d).
0
Suppose -2*k + 2*b + 2 = 0, 0*b = 5*b + 20. Let p(u) = 2*u**3 + 4*u**2 + 3. What is p(k)?
-15
Let p(c) = -2*c - c + 2*c. Suppose 0*h + 1 = 3*x - 4*h, 2*x + 4*h = 14. Give p(x).
-3
Let k(j) be the second derivative of 0 - 1/6*j**3 - 1/3*j**4 + 1/2*j**2 + 4*j. What is k(1)?
-4
Suppose 0 = -s - 4*d + 8, 0 = -s - d - d + 2. Let k(o) = o**3 + 5*o**2 + 6*o + 5. Determine k(s).
-3
Suppose 2*v - 4*v = -6. Let a(r) = 2*r + 2*r**2 - 3*r - 5 + v + 0*r**2. What is a(2)?
4
Let s be 78/9 - (-12)/(-18). Let y be 8/(-2) - (s - 18). Let r(c) = c**3 - 6*c**2 - c + 2. Calculate r(y).
-4
Let b(t) be the second derivative of -t**5/20 - 7*t**4/12 - 5*t**3/6 + 3*t**2 + 10*t. Determine b(-6).
0
Suppose 0*p = p - 2. Let l = -7 + 9. Let z(b) = 1 - 2*b - l*b + p*b. Calculate z(-4).
9
Let k(t) be the third derivative of t**5/60 + t**4/24 + t**3/6 - 5*t**2. Give k(2).
7
Let t(a) = 4*a + 2. Let s(g) = 2*g**2 - 8*g - 6. Let i be s(6). Let m be (-1 - -1) + i/(-9). Give t(m).
-6
Let s be (-12)/30 + (-3)/5. Let v(q) = -8*q**2 - q - 2. Let i(y) = -31*y**2 - 4*y - 9. Let u(t) = -2*i(t) + 9*v(t). Give u(s).
-9
Let d(q) = 6*q**2 - 3*q**2 - 1 + 2*q + 0*q**2 + 2*q**2. Calculate d(1).
6
Let p(v) = 3 + 4 - 5 + 26*v**2 - 2*v - 27*v**2. Determine p(-5).
-13
Let w(o) = -6 - 5*o + 5*o**2 - 3*o**2 - 1 - 3*o**2. Determine w(-6).
-13
Let z(m) be the third derivative of -m**5/30 - m**4/24 - 3*m**2. What is z(-1)?
-1
Let q = -10 - -7. Let h(p) = -1 + 0*p - 5*p + 2*p. Give h(q).
8
Let n(x) = 3*x + 1. Let a(q) = q - 5. Suppose -5*k + 0*z + 44 = 3*z, 0 = 2*k - 3*z - 5. Let h be a(k). Give n(h).
7
Let u = 10 - 6. Let r(z) = 0 - z + u*z + z**3 - 4 + 6*z**2. Let a be (-4)/(-10) - (-459)/(-85). What is r(a)?
6
Let j = 10 - 8. Let i(x) = 7 - j*x + x - 6 + 0. Give i(-6).
7
Suppose 2*f - 2*b - 1 = -3*b, -f + 2*b + 8 = 0. Let w(m) = m**2 - 2*m + 3. Determine w(f).
3
Let x(o) = -1 - o**3 - 2*o + o**3 + o**3 - o**2 + 0*o**2. What is x(2)?
-1
Let l(k) = -9*k - 90*k**2 + 2 + 0 + 89*k**2